remainder when 88438360 is divided by 6175?
10
Calculate the remainder when 3896978 is divided by 3896977.
1
What is the remainder when 5894545 is divided by 3241?
2407
Calculate the remainder when 425093 is divided by 447.
443
What is the remainder when 787826 is divided by 142?
10
Calculate the remainder when 47485988 is divided by 33.
11
Calculate the remainder when 86739 is divided by 28796.
351
Calculate the remainder when 1171141 is divided by 9442.
333
Calculate the remainder when 1252533463 is divided by 1871.
1868
Calculate the remainder when 127880 is divided by 18254.
102
Calculate the remainder when 72059842 is divided by 17.
4
Calculate the remainder when 1771533 is divided by 46609.
391
What is the remainder when 55127 is divided by 2205?
2
Calculate the remainder when 2581625 is divided by 860529.
38
What is the remainder when 247914 is divided by 2943?
702
Calculate the remainder when 836948 is divided by 167237.
763
Calculate the remainder when 832528 is divided by 75684.
4
What is the remainder when 8964 is divided by 3058?
2848
Calculate the remainder when 245013 is divided by 441.
258
What is the remainder when 5217544 is divided by 320?
264
What is the remainder when 3223391 is divided by 42413?
3
What is the remainder when 11308547 is divided by 69?
68
What is the remainder when 3692786 is divided by 24618?
86
Calculate the remainder when 87438 is divided by 4830.
498
Calculate the remainder when 58949116 is divided by 1542.
1540
What is the remainder when 6113136 is divided by 29?
23
Calculate the remainder when 5508038 is divided by 17.
4
What is the remainder when 44673098 is divided by 327?
320
Calculate the remainder when 375085 is divided by 10652.
2265
What is the remainder when 101986611 is divided by 906?
3
What is the remainder when 52033 is divided by 6418?
689
Calculate the remainder when 27426997 is divided by 500.
497
Calculate the remainder when 4905292 is divided by 1067.
293
What is the remainder when 123126 is divided by 2199?
2181
Calculate the remainder when 6048083 is divided by 11.
8
What is the remainder when 1223996862 is divided by 13?
10
Calculate the remainder when 11196069 is divided by 19.
15
Calculate the remainder when 110093106 is divided by 2283.
2280
Calculate the remainder when 137954 is divided by 1001.
817
Calculate the remainder when 41181 is divided by 328.
181
What is the remainder when 33439 is divided by 1357?
871
Calculate the remainder when 90606042 is divided by 416.
410
What is the remainder when 6129748 is divided by 33?
31
Calculate the remainder when 418544 is divided by 41843.
114
What is the remainder when 39604148 is divided by 408?
404
What is the remainder when 42473 is divided by 3235?
418
Calculate the remainder when 827474 is divided by 43.
25
Calculate the remainder when 1176 is divided by 208.
136
Calculate the remainder when 165968 is divided by 2212.
68
What is the remainder when 39226678 is divided by 24?
22
What is the remainder when 14055550 is divided by 2688?
2686
What is the remainder when 4084884 is divided by 66965?
19
Calculate the remainder when 90387 is divided by 12310.
4217
What is the remainder when 16661712 is divided by 18?
12
What is the remainder when 267436 is divided by 12?
4
What is the remainder when 6050209 is divided by 465400?
9
What is the remainder when 122298 is divided by 5095?
18
What is the remainder when 103651 is divided by 7402?
23
Calculate the remainder when 725413 is divided by 181352.
5
Calculate the remainder when 78589 is divided by 33.
16
What is the remainder when 681902 is divided by 24?
14
Calculate the remainder when 125570 is divided by 8869.
1404
What is the remainder when 31481857 is divided by 2623487?
13
What is the remainder when 1939246 is divided by 428?
406
Calculate the remainder when 149535204 is divided by 83.
80
Calculate the remainder when 3588 is divided by 837.
240
What is the remainder when 4542707 is divided by 4331?
3819
Calculate the remainder when 28706389 is divided by 879.
7
Calculate the remainder when 4056405 is divided by 450700.
105
What is the remainder when 98117 is divided by 1582?
33
Calculate the remainder when 2760124 is divided by 125460.
4
What is the remainder when 2640390 is divided by 1621?
1402
What is the remainder when 9550819 is divided by 557?
497
What is the remainder when 449306 is divided by 10697?
32
Calculate the remainder when 2206572 is divided by 2994.
2988
Calculate the remainder when 140159830 is divided by 6093905.
15
What is the remainder when 1357198 is divided by 145?
143
Calculate the remainder when 26492919 is divided by 8830968.
15
What is the remainder when 2297057 is divided by 4756?
4665
Calculate the remainder when 358081 is divided by 22369.
177
What is the remainder when 520269 is divided by 197?
189
What is the remainder when 231243 is divided by 61?
53
Calculate the remainder when 260678 is divided by 32579.
46
Calculate the remainder when 9938370 is divided by 98.
92
Calculate the remainder when 190211 is divided by 5139.
68
What is the remainder when 378733 is divided by 11?
3
Calculate the remainder when 1350239 is divided by 12.
11
Calculate the remainder when 1393193 is divided by 232196.
17
What is the remainder when 1795205 is divided by 63?
20
What is the remainder when 6930437 is divided by 567?
563
What is the remainder when 129583 is divided by 8635?
58
What is the remainder when 41402 is divided by 19922?
1558
What is the remainder when 12970588 is divided by 446?
16
Calculate the remainder when 480829 is divided by 352.
349
Calculate the remainder when 16762393 is divided by 2487.
13
What is the remainder when 3341596 is divided by 694?
680
What is the remainder when 568084 is divided by 21846?
88
What is the remainder when 449015298 is divided by 50?
48
What is the remainder when 568270 is divided by 1165?
915
What is the remainder when 1494912 is divided by 1871?
1854
Calculate the remainder when 40079862 is divided by 2220.
2202
Calculate the remainder when 25632285 is divided by 1322.
27
Calculate the remainder when 10644562 is divided by 7144.
2
What is the remainder when 384561 is divided by 27457?
163
Calculate the remainder when 4280543 is divided by 19.
14
What is the remainder when 3292388 is divided by 454?
434
Calculate the remainder when 20705611 is divided by 9.
4
Calculate the remainder when 1833825640 is divided by 602.
598
Calculate the remainder when 233191 is divided by 12.
7
What is the remainder when 99823 is divided by 9978?
43
What is the remainder when 9550428 is divided by 17?
15
What is the remainder when 1540543 is divided by 36?
31
Calculate the remainder when 2817198 is divided by 282.
18
What is the remainder when 110971181 is divided by 23?
22
Calculate the remainder when 547380 is divided by 2225.
30
Calculate the remainder when 3215139 is divided by 14.
11
Calculate the remainder when 70939 is divided by 3378.
1
What is the remainder when 50272472 is divided by 50272454?
18
What is the remainder when 601620 is divided by 376?
20
Calculate the remainder when 7106 is divided by 415.
51
Calculate the remainder when 955690 is divided by 4209.
247
Calculate the remainder when 62655014 is divided by 1052.
1050
What is the remainder when 2553385 is divided by 22398?
13
What is the remainder when 1339318 is divided by 786?
760
What is the remainder when 11016783 is divided by 8?
7
What is the remainder when 3227653 is divided by 62068?
117
Calculate the remainder when 369391 is divided by 786.
757
Calculate the remainder when 4657279 is divided by 119.
95
What is the remainder when 273493768 is divided by 1618?
1610
What is the remainder when 4519389 is divided by 172?
89
Calculate the remainder when 98472 is divided by 24135.
1932
What is the remainder when 10879023 is divided by 12021?
18
What is the remainder when 17091 is divided by 283?
111
What is the remainder when 7889838 is divided by 112?
110
Calculate the remainder when 9227 is divided by 3068.
23
What is the remainder when 1038189 is divided by 34?
33
What is the remainder when 219340158 is divided by 31334308?
2
Calculate the remainder when 344996 is divided by 8.
4
What is the remainder when 6186 is divided by 39?
24
What is the remainder when 2